a prime number?
True
Is 13391 a composite number?
True
Is 686303 prime?
False
Is 19777 prime?
True
Is 85469 a composite number?
False
Is 67259 prime?
False
Is 2082979 prime?
True
Is 677 a composite number?
False
Is 195103 prime?
True
Is 1334603 prime?
True
Is 448765 a prime number?
False
Is 1439 a prime number?
True
Is 1010407 prime?
True
Is 29615 composite?
True
Is 43471 a composite number?
True
Is 21439 a composite number?
True
Is 10063 composite?
True
Is 24709 prime?
True
Is 31091 a prime number?
True
Is 180211 a composite number?
False
Is 982 a composite number?
True
Is 2293 a prime number?
True
Is 22915 a composite number?
True
Is 60757 prime?
True
Is 69191 composite?
False
Is 84153 a prime number?
False
Is 92643 a prime number?
False
Is 36623 a composite number?
True
Is 134761 composite?
True
Is 2569 composite?
True
Is 4391 prime?
True
Is 10637 prime?
False
Is 26099 composite?
False
Is 483337 a prime number?
True
Is 65761 prime?
True
Is 81527 composite?
False
Is 510569 a composite number?
False
Is 133583 prime?
True
Is 61057 prime?
True
Is 78977 prime?
True
Is 74395 a prime number?
False
Is 96926 prime?
False
Is 121283 a composite number?
False
Is 9587 a composite number?
False
Is 488303 a prime number?
True
Is 11311 prime?
True
Is 24917 composite?
False
Is 56081 prime?
True
Is 22241 a prime number?
False
Is 38393 a prime number?
True
Is 940535 prime?
False
Is 2765501 composite?
True
Is 187 a composite number?
True
Is 22045 composite?
True
Is 4181 a prime number?
False
Is 33359 a prime number?
True
Is 2137 composite?
False
Is 45007 a composite number?
False
Is 65407 composite?
False
Is 68977 a prime number?
False
Is 340633 a composite number?
False
Is 669371 prime?
True
Is 1520639 prime?
True
Is 448417 prime?
False
Is 1346 composite?
True
Is 5939 a prime number?
True
Is 64733 a composite number?
True
Is 121457 a prime number?
False
Is 18199 a prime number?
True
Is 12979 prime?
True
Is 5981 a prime number?
True
Is 5501 a prime number?
True
Is 86795 a prime number?
False
Is 143215 prime?
False
Is 50279 a composite number?
True
Is 53913 composite?
True
Is 1673151 a prime number?
False
Is 5282841 a prime number?
False
Is 113143 prime?
True
Is 995897 prime?
False
Is 18973 prime?
True
Is 939019 a composite number?
False
Is 24197 composite?
False
Is 6491 a composite number?
False
Is 20257 prime?
False
Is 4391 prime?
True
Is 257809 a composite number?
True
Is 12605 a prime number?
False
Is 32987 a composite number?
False
Is 3787 composite?
True
Is 86383 a prime number?
False
Is 50233 a composite number?
True
Is 172849 prime?
True
Is 20849 a prime number?
True
Is 2438515 a prime number?
False
Is 124843 a composite number?
True
Is 379 composite?
False
Is 74471 prime?
True
Is 17943 a composite number?
True
Is 11083 prime?
True
Is 3274 a prime number?
False
Is 1407041 prime?
True
Is 50831 prime?
False
Is 152335 composite?
True
Is 1305077 prime?
False
Is 4229 prime?
True
Is 601738 a composite number?
True
Is 65761 prime?
True
Is 4341 a prime number?
False
Is 131 composite?
False
Is 3211937 a composite number?
False
Is 27581 prime?
True
Is 7543 composite?
True
Is 221393 composite?
False
Is 815 prime?
False
Is 13445 prime?
False
Is 317179 a composite number?
False
Is 3641 prime?
False
Is 52031 composite?
True
Is 106955 prime?
False
Is 84685 composite?
True
Is 103589 prime?
False
Is 2503 prime?
True
Is 335341 a prime number?
True
Is 65599 a prime number?
True
Is 1492703 a composite number?
False
Is 204461 a prime number?
True
Is 171491 a prime number?
True
Is 42787 a prime number?
True
Is 37399 a composite number?
True
Is 119447 a prime number?
True
Is 195491 prime?
False
Is 12797 prime?
False
Is 21161 composite?
True
Is 501433 prime?
False
Is 23699 a prime number?
False
Is 5603 a prime number?
False
Is 7369 a prime number?
True
Is 57137 a composite number?
True
Is 20101 a composite number?
False
Is 64555 a prime number?
False
Is 151717 prime?
True
Is 89627 prime?
True
Is 8387 a prime number?
True
Is 16183 prime?
True
Is 1373 prime?
True
Is 3989 composite?
False
Is 91591 prime?
True
Is 11213 a composite number?
False
Is 29483 a prime number?
True
Is 610186 a prime number?
False
Is 99559 composite?
False
Is 726689 composite?
False
Is 2472207 composite?
True
Is 8633 prime?
False
Is 21137 a prime number?
False
Is 39439 a composite number?
False
Is 9923 a prime number?
True
Is 46843 composite?
True
Is 115249 composite?
False
Is 39157 a composite number?
False
Is 140549 prime?
True
Is 5549 a prime number?
False
Is 4749 a composite number?
True
Is 17597 composite?
False
Is 80387 prime?
True
Is 284771 prime?
False
Is 107641 a composite number?
False
Is 1009049 composite?
False
Is 118307 a composite number?
True
Is 104197 a prime number?
False
Is 12641 a composite number?
False
Is 42115 a composite number?
True
Is 80543 composite?
True
Is 52157 a prime number?
False
Is 18947 a composite number?
False
Is 22367 prime?
True
Is 9521 a prime number?
True
Is 43177 composite?
False
Is 46337 a composite number?
False
Is 1629347 prime?
False
Is 119971 composite?
False
Is 18587 a prime number?
True
Is 86959 composite?
False
Is 1255301 prime?
True
Is 29483 a prime number?
True
Is 1655551 a prime number?
True
Is 564061 composite?
False
Is 3763 a composite number?
True
Is 327127 composite?
False
Is 23993 a composite number?
False
Is 26339 composite?
False
Is 3251 a prime number?
True
Is 428249 a composite number?
False
Is 63417 a composite number?
True
Is 1430041 composite?
False
Is 145946 a prime number?
False
Is 427369 composite?
False
Is 3095 prime?
False
Is 12659 prime?
True
Is 66683 a prime number?
True
Is 5933 composite?
True
Is 5471 prime?
True
Is 12757 a prime number?
True
Is 219119 a prime number?
True
Is 24319 a prime number?
False
Is 107013 prime?
False
Is 14591 a composite number?
False
Is 122541 prime?
False
Is 2079431 a composite number?
True
Is 46393 a composite number?
True
Is 20477 a prime number?
True
Is 1492561 prime?
False
Is 18661 a prime number?
True
Is 5963 prime?
False
Is 21674 a prime number?
False
Is 9923 composite?
False
Is 24593 composite?
False
Is 7773 prime?
False
Is 2503651 prime?
True
Is 120826 composite?
True
Is 30677 composite?
False
Is 2683 composite?
False
Is 31177 prime?
True
Is 9739 prime?
True
Is 107111 composite?
True
Is 1505083 prime?
True
Is 91231 prime?
False
Is 28019 a composite number?
False
Is 8402 a composite number?
True
Is 122719 composite?
False
Is 7621 a prime number?
True
Is 919 composite?
False
Is 6143 composite?
False
Is 5981 a prime number?
True
Is 5538359 prime?
True
Is 46583 composite?
True
Is 4637 composite?
False
Is 15577 a composite number?
True
Is 38593 a composite number?
False
Is 148123 composite?
False
Is 31583 composite?
False
Is 257239 a composite number?
False
Is 2897 prime?
True
Is 1535 composite?
True
Is 212811 prime?
False
Is 10903 composite?
False
Is 438971 a prime number?
False
Is 311107 prime?
False
Is 52342 a composite number?
True
Is 67573 a prime number?
False
Is 217133 a prime number?
False
Is 32105 prime?
False
Is 7393 a prime number?
True
Is 8609 composite?
False
Is 466853 prime?
True
Is 165983 a prime number?
True
Is 4631223 prime?
False
Is 201 a composite number?
True
Is 5129 prime?
False
Is 348709 composite?
False
Is 6478499 prime?
True
Is 514123 composite?
False
Is 525101 prime?
True
Is 1478927 prime?
False
Is 54129 a composite number?
True
Is 383057 a prime number?
False
Is 14177 a prime number?
True
Is 4562 composite?
True
Is 44867 composite?
False
Is 4583 prime?
True
Is 1949 a prime number?
True
Is 967 composite?
False
Is 60013 prime?
True
Is 78823 prime?
True
Is 3571 prime?
True
Is 90971 a composite number?
False
Is 78497 composite?
False
Is 189421 a composite number?
False
Is 203909 a prime number?
True
Is 711266 prime?
False
Is 6609 composite?
True
Is 362787 composite?
True
Is 38017 prime?
False
Is 2837 a prime number?
True
Is 139967 prime?
True
Is 80609 a prime number?
False
Is 5663 composite?
True
Is 21439 a prime number?
False
Is 1204381 a prime number?
False
Is 122123 a prime number?
False
Is 4001 a composite number?
False
Is 48751 a composite number?
False
Is 9461 a composite number?
False
Is 3341 a composite number?
True
Is 175321 a composite number?
True
Is 321799 prime?
Tru